{"id":858,"date":"2018-12-17T01:31:05","date_gmt":"2018-12-17T01:31:05","guid":{"rendered":"http:\/\/journalofthought.com\/?page_id=858"},"modified":"2019-01-13T19:10:10","modified_gmt":"2019-01-13T19:10:10","slug":"journal-of-thought-2018-vol-52-issues-34","status":"publish","type":"page","link":"http:\/\/journalofthought.com\/?page_id=858","title":{"rendered":"Journal of Thought 2018 Vol 52 Issues 3&#038;4"},"content":{"rendered":"<p><a href=\"http:\/\/journalofthought.com\/wp-content\/uploads\/2018\/12\/01cover.pdf\">Issue Cover<\/a><\/p>\n<p><a href=\"http:\/\/journalofthought.com\/wp-content\/uploads\/2018\/12\/02cover2.pdf\">Editorial Information <\/a><br \/>\n<a href=\"http:\/\/journalofthought.com\/wp-content\/uploads\/2018\/12\/03cover3.pdf\">About the Journal<\/a><br \/>\n<a href=\"http:\/\/journalofthought.com\/wp-content\/uploads\/2018\/12\/04contents2.pdf\">Table of Contents<\/a><a href=\"http:\/\/journalofthought.com\/wp-content\/uploads\/2018\/12\/04contents.pdf\"><br \/>\n<\/a><a href=\"http:\/\/journalofthought.com\/wp-content\/uploads\/2018\/12\/05authors.pdf\">Contributing Authors<\/a><\/p>\n<p><a href=\"http:\/\/journalofthought.com\/wp-content\/uploads\/2018\/12\/06casaleetal.pdf\">Developing Emphatic Learners<\/a><br \/>\nby\u00a0Carolyn Casale, C. Adrainne Thomas &amp; Temika M. Simmons<\/p>\n<p><a href=\"http:\/\/journalofthought.com\/wp-content\/uploads\/2018\/12\/07perezibanez.pdf\">Dewey&#8217;s Thought on Education and Social Change<\/a><br \/>\nby\u00a0Ignacio P\u00e9rez-Ib\u00e1\u00f1ez<\/p>\n<p><a href=\"http:\/\/journalofthought.com\/wp-content\/uploads\/2018\/12\/08almutairi.pdf\">Self-Sufficiency and the Alienation of the Other in Modern Education: The Case of Emile<\/a><br \/>\nby\u00a0Abdullah Almutairi<\/p>\n<p><a href=\"http:\/\/journalofthought.com\/wp-content\/uploads\/2018\/12\/09stoller2.pdf\">Dewey&#8217;s Creative Ontology: Inquiry as Social-Self Creation<\/a><br \/>\nby\u00a0Aaron Stoller<\/p>\n<p><a href=\"http:\/\/journalofthought.com\/wp-content\/uploads\/2018\/12\/10questions2.pdf\">Questions about Journal of Thought<\/a><br \/>\n<a href=\"http:\/\/journalofthought.com\/wp-content\/uploads\/2018\/12\/11.subscriptions.pdf\">Subscription Form for Journal of Thought<\/a><\/p>\n<p><a href=\"http:\/\/journalofthought.com\/wp-content\/uploads\/2018\/12\/JOTfallwinter2018.pdf\">Full Issue<\/a><\/p>\n<p>&nbsp;<\/p>\n<div class=\"addtoany_share_save_container addtoany_content_bottom\"><div class=\"a2a_kit a2a_kit_size_32 addtoany_list a2a_target\" id=\"wpa2a_1\"><a class=\"a2a_button_facebook\" href=\"http:\/\/www.addtoany.com\/add_to\/facebook?linkurl=http%3A%2F%2Fjournalofthought.com%2F%3Fpage_id%3D858&amp;linkname=Journal%20of%20Thought%202018%20Vol%2052%20Issues%203%264\" title=\"Facebook\" rel=\"nofollow\" target=\"_blank\"><\/a><a class=\"a2a_button_linkedin\" href=\"http:\/\/www.addtoany.com\/add_to\/linkedin?linkurl=http%3A%2F%2Fjournalofthought.com%2F%3Fpage_id%3D858&amp;linkname=Journal%20of%20Thought%202018%20Vol%2052%20Issues%203%264\" title=\"LinkedIn\" rel=\"nofollow\" target=\"_blank\"><\/a><a class=\"a2a_dd addtoany_share_save\" href=\"https:\/\/www.addtoany.com\/share_save\"><\/a>\n<script type=\"text\/javascript\"><!--\nwpa2a.script_load();\n\/\/--><\/script>\n<\/div><\/div>","protected":false},"excerpt":{"rendered":"<p>Issue Cover Editorial Information About the Journal Table of Contents Contributing Authors Developing Emphatic Learners by\u00a0Carolyn Casale, C. Adrainne Thomas &amp; Temika M. Simmons Dewey&#8217;s Thought on Education and Social Change by\u00a0Ignacio P\u00e9rez-Ib\u00e1\u00f1ez Self-Sufficiency and the Alienation of the Other in Modern Education: The Case of Emile by\u00a0Abdullah Almutairi Dewey&#8217;s Creative Ontology: Inquiry as Social-Self [&hellip;]<\/p>\n<div class=\"addtoany_share_save_container addtoany_content_bottom\"><div class=\"a2a_kit a2a_kit_size_32 addtoany_list a2a_target\" id=\"wpa2a_2\"><a class=\"a2a_button_facebook\" href=\"http:\/\/www.addtoany.com\/add_to\/facebook?linkurl=http%3A%2F%2Fjournalofthought.com%2F%3Fpage_id%3D858&amp;linkname=Journal%20of%20Thought%202018%20Vol%2052%20Issues%203%264\" title=\"Facebook\" rel=\"nofollow\" target=\"_blank\"><\/a><a class=\"a2a_button_linkedin\" href=\"http:\/\/www.addtoany.com\/add_to\/linkedin?linkurl=http%3A%2F%2Fjournalofthought.com%2F%3Fpage_id%3D858&amp;linkname=Journal%20of%20Thought%202018%20Vol%2052%20Issues%203%264\" title=\"LinkedIn\" rel=\"nofollow\" target=\"_blank\"><\/a><a class=\"a2a_dd addtoany_share_save\" href=\"https:\/\/www.addtoany.com\/share_save\"><\/a><\/div><\/div>","protected":false},"author":1,"featured_media":0,"parent":846,"menu_order":0,"comment_status":"closed","ping_status":"closed","template":"","meta":[],"_links":{"self":[{"href":"http:\/\/journalofthought.com\/index.php?rest_route=\/wp\/v2\/pages\/858"}],"collection":[{"href":"http:\/\/journalofthought.com\/index.php?rest_route=\/wp\/v2\/pages"}],"about":[{"href":"http:\/\/journalofthought.com\/index.php?rest_route=\/wp\/v2\/types\/page"}],"author":[{"embeddable":true,"href":"http:\/\/journalofthought.com\/index.php?rest_route=\/wp\/v2\/users\/1"}],"replies":[{"embeddable":true,"href":"http:\/\/journalofthought.com\/index.php?rest_route=%2Fwp%2Fv2%2Fcomments&post=858"}],"version-history":[{"count":2,"href":"http:\/\/journalofthought.com\/index.php?rest_route=\/wp\/v2\/pages\/858\/revisions"}],"predecessor-version":[{"id":885,"href":"http:\/\/journalofthought.com\/index.php?rest_route=\/wp\/v2\/pages\/858\/revisions\/885"}],"up":[{"embeddable":true,"href":"http:\/\/journalofthought.com\/index.php?rest_route=\/wp\/v2\/pages\/846"}],"wp:attachment":[{"href":"http:\/\/journalofthought.com\/index.php?rest_route=%2Fwp%2Fv2%2Fmedia&parent=858"}],"curies":[{"name":"wp","href":"https:\/\/api.w.org\/{rel}","templated":true}]}}